pose -5*q + 2*s = 16, 5*q + 2 = -2*s - 2. What is the units digit of 3/q - (-82)/4?
9
Let r(n) = 24*n**2 + 3*n + 1. Suppose -q + 2*q - 2*o = 0, 0 = o + 1. Let g be r(q). Let l = 155 - g. What is the units digit of l?
4
Suppose 14*u = -2367 + 71499. What is the units digit of u?
8
Suppose -454*h + 457*h - 2280 = 0. What is the units digit of h?
0
Let p(b) = b**2 - 9*b - 2. Let n be p(11). Suppose 2*h + 0*h - n = 0. What is the tens digit of h?
1
Let s(l) = 38*l + 7. What is the hundreds digit of s(11)?
4
Let r(h) = 14*h**2 + 12*h + 24. What is the units digit of r(-4)?
0
Let f(j) = j**3 + 15*j**2 + 16*j - 12. What is the tens digit of f(-12)?
2
Let m(v) = 4*v + 10 - 89*v**3 + 90*v**3 - 13*v - 9*v**2. Let n = -5 + 15. What is the units digit of m(n)?
0
Let q be 10/6*(-14 + 17). Suppose -q*g + 0*p = -3*p - 224, 5*p = g - 36. What is the tens digit of g?
4
Let i = 39 + -21. What is the units digit of 358/6 + i/(-27)?
9
Let a be 1/(1/(-3 - -1)) + 8. What is the hundreds digit of 18/4*(-48)/(4 - a)?
1
Let b = 849 + -367. What is the hundreds digit of b?
4
Suppose -5*m = 2*f + 3, 5*m - f - 9 = -0*f. What is the tens digit of (71 + m)*96/72?
9
Suppose 0 = -2*y - 16 - 12. Let u be (3 + y)*(1 + 0). Let a = u + 12. What is the units digit of a?
1
Let d(o) be the first derivative of -o**4/4 - 7*o**3/3 + 2*o**2 + 9*o + 5. Let q be 12/((-9)/2 + 3). What is the units digit of d(q)?
1
Let a = 55 - 56. What is the units digit of (-3 + a)*97/(-4)?
7
Suppose -2*l + 2 - 8 = d, 22 = 3*d - 2*l. Let m(w) = w - 4*w**2 + 3*w**3 - 5 - 3*w + 0*w**2 - d*w**3. What is the units digit of m(-4)?
3
Suppose 804 = 2*d - h, 4*d + 399 = h + 2011. What is the units digit of d?
4
Let y be (-3192)/27 + (-8)/(-36). What is the units digit of (0 - 6/3)*y/2?
8
Let b(z) = -4*z + 10. Let l be b(-10). What is the units digit of 1/(-5) - 5/(l/(-872))?
7
Let q(x) = 6*x**2 - 20*x + 12. What is the units digit of q(10)?
2
Let g = 3658 + -2455. What is the tens digit of g?
0
Suppose 4*p - 6*p + 60 = 0. What is the units digit of 594/p - 3/(-15)?
0
What is the units digit of (0 + 585)/((-6)/(-2) - 2)?
5
Let h(q) = 49*q - 29. What is the tens digit of h(11)?
1
Let r be 3/(-9)*(-11 - -2). Suppose 0 = -2*l + 5*w + 114, 0 = 2*l + w - r*w - 126. What is the units digit of l?
7
Let l be -205 + -1 - (2 - 4). Let w be (-24 + 0)*(-4)/8. What is the tens digit of w/(-18) - l/9?
2
Let q(a) = -3*a - 28. Let z be q(-10). Suppose -w + 2*p + 39 = -46, -z*w = 3*p - 191. What is the tens digit of w?
9
Let i be 3 + (4 - (0 + -521)). Suppose 401 = 3*l - 2*y + y, -4*l + 3*y = -i. What is the units digit of l?
5
Let q = -72 - -69. What is the units digit of (-90)/q - (-1 - -1)?
0
Suppose 0 = 3*i - 857 - 247. What is the tens digit of i?
6
Let u(j) = j**3 - 5*j**2 - 15*j + 41. What is the hundreds digit of u(9)?
2
Suppose -74*j - 25551 + 119605 = 0. What is the tens digit of j?
7
Suppose 0 = 3*p + 25 - 7. Let z be (-2)/p + (-49)/3. What is the units digit of 36/z*(-176)/6?
6
Let k(g) = -24*g**3 + 7*g**2 + 4*g - 2. What is the hundreds digit of k(-2)?
2
What is the hundreds digit of ((687/(-12))/1)/(6/(-216))?
0
Let b = 3602 - -1447. What is the tens digit of b?
4
Suppose -63 = 3*q - 5*t, -3*q + 5*t = 2*q + 105. What is the units digit of 1*-22*(-1 - q/(-6))?
9
Let i(m) = 84*m**2 - 4*m + 1. What is the tens digit of i(2)?
2
Let l be (-1 - -8) + (-6)/2. Suppose -26 = -l*a + 94. What is the units digit of a?
0
Suppose 108 = -3*p - 3*p. Let o = p + 175. What is the units digit of o?
7
What is the tens digit of (5785/(-52))/((-1)/12)?
3
Let h(t) = -t**2 + t + 24. Let m(x) = -x**2 - 10*x - 11. Let g be m(-9). Let f be 0*((-5)/2 - g). What is the units digit of h(f)?
4
Suppose -r + 16 = -t - 20, -3*r - 52 = t. Suppose -4*q - 5*b = -4*b - 21, 6 = 3*q + 4*b. What is the units digit of ((-42)/35)/(q/t)?
8
Suppose 4*f + 4*o = -16, -4*o = -2*f + 8 + 8. Suppose f = 4*p - 25 - 107. What is the units digit of p?
3
Let l = 10 + -16. Let f = 5 - l. Let n(o) = o**3 - 10*o**2 - 10*o - 1. What is the tens digit of n(f)?
1
Suppose -2*k + 4*n - 7 = 27, -3*k - 59 = 2*n. Let t be ((-25)/(1000/(-192)))/(6/40). Let o = k + t. What is the tens digit of o?
1
Suppose -121*t - 9232 = -129*t. What is the hundreds digit of t?
1
Let h = 581 - 165. What is the units digit of h?
6
Let c = -5 - -12. Suppose -4*l + c*l = 9. Suppose 4*z + 40 = -l*b + 5*b, -5*z = 10. What is the tens digit of b?
1
Suppose 0 = -0*x + 3*x - 102. Let y = x + -28. What is the units digit of y?
6
Let w(q) = -2*q**3 - 4*q**2 - 8*q - 10. Let n(r) = -r**3 + 5*r**2 - 4. Let u be n(5). What is the units digit of w(u)?
6
Suppose -5*w + 9*w = -356. Let y = w + 137. What is the tens digit of y?
4
Let v(r) be the second derivative of 11*r**3/2 - r**2/2 + 6*r. Let z be v(2). Suppose 5*q + 0*q - z = -2*t, 85 = 5*q - 2*t. What is the tens digit of q?
1
Suppose -992*p = -1013*p + 58527. What is the tens digit of p?
8
Suppose -3*v - b + 2*b = -640, -2*v + 415 = -3*b. Suppose 0 = 12*m - v - 337. What is the tens digit of m?
4
Let p be 2/5 - 64/10. Suppose 13*r = 20*r - 273. Let t = r + p. What is the units digit of t?
3
Let s(x) = x**2 - 6*x + 6. Let o be s(3). Let y be o/24*-4*-4. What is the tens digit of -48*(y - (-6)/4)?
2
Suppose -6*u = -42 + 12. What is the tens digit of 6/15 + 323/u?
6
Suppose 13*s - 12*s - 395 = 0. What is the hundreds digit of s?
3
Let s(n) be the second derivative of -11*n**2 + 3*n**3 + 0 - 1/12*n**4 + 11*n. What is the tens digit of s(12)?
5
Let f = 244 - 371. Let z = 233 + f. What is the tens digit of z?
0
Let c be -2*(-4 - (-4)/2). Suppose 0 = -7*h + c*h - 4*j + 19, -21 = -4*h - j. Let k(b) = -b**2 + 8*b. What is the units digit of k(h)?
5
Let v(c) = 63*c + 211. What is the hundreds digit of v(20)?
4
Let z(n) = -7*n**3 - 24*n**2 + 9*n + 19. Let l(q) = -4*q**3 - 12*q**2 + 4*q + 10. Let k(r) = -5*l(r) + 3*z(r). What is the units digit of k(-13)?
5
Let w = -27 - -31. Suppose 154 = -w*a + 6*a - 3*o, -a + 4*o = -82. What is the units digit of a?
4
Suppose 4*f - 126 = -2*f. Let t = f + 1. What is the units digit of t?
2
Suppose 4*t + 5*n - 2088 = 7*n, 0 = n + 4. What is the units digit of t?
0
Let w(a) = -a + 1. Let c(t) = -19. Let s(f) = -c(f) + w(f). What is the units digit of s(19)?
1
Let y = -141 - -141. Suppose 0 = r - 0 - 1. Suppose 5*j - r = -2*n, 4*j + y*n + 4 = -4*n. What is the units digit of j?
1
Let r = -13 + 19. Let v(d) = d - 5 - 4*d + r + 6*d. What is the tens digit of v(4)?
1
Let r(w) be the second derivative of w**4/3 - 4*w**3/3 + 5*w**2/2 - 24*w. What is the units digit of r(6)?
1
Let r = 437 - 116. What is the hundreds digit of r?
3
Suppose 0 = 2*r + r + 9, 0 = -a - 4*r + 5. What is the units digit of 19/1 + 68/a?
3
Let h be (-3)/(-4 + 0 + 7). What is the tens digit of -1 + -4 - h - -83?
7
Let n be (-2)/(-4)*((-48)/6 - -2). What is the units digit of (-105)/(-6) + n/2?
6
Let d be (0 + -1)/4 + (-1039)/4. Let p = d - -511. What is the tens digit of p?
5
Suppose 0*u - 2*u = -2*k - 1072, 4*k = 5*u - 2684. What is the units digit of u?
0
Suppose -363 = -7*x + 43. Suppose 0 = -2*c + 144 + x. What is the hundreds digit of c?
1
Let u = 126 + -102. Let s = u - -39. What is the tens digit of s?
6
Suppose 7*w - 12568 + 2306 = 0. What is the tens digit of w?
6
Let k(u) = u + 8. Let f(r) = -r**2 + 15*r + 5. Let d be f(15). What is the units digit of k(d)?
3
Let c(r) = r**2 - 12*r - 11. Let f be c(13). Suppose 5*v - 50 = -q + f, -2 = -v - 3*q. What is the units digit of v?
1
Suppose -3*b + 2 + 12 = -5*f, 0 = -b + 4*f. Let h(u) = u**2 - 4*u - 23. What is the units digit of h(b)?
9
Suppose p = -4*n + 3 + 257, 4*p - 16 = 0. What is the tens digit of n?
6
Let z(y) = -1830*y + 7. What is the thousands digit of z(-1)?
1
Let i be 134*((-28)/8 + 3). Let l = -12 - i. Let w = l - 24. What is the units digit of w?
1
What is the hundreds digit of 35/(-10)*(-182036)/119?
3
Let l = 1681 + -718. What is the hundreds digit of l?
9
Suppose 51 = -5*d + o, 6*d + 45 = 3*d - 3*o. What is the units digit of (d/(-2))/(10/40)?
2
Suppose 7*m = 22*m - 11640. What is the tens digit of m?
7
What is the hundreds digit of 1/(-1*((-1)/838 + 0))?
8
Let g = 1 + 1. Let p(i) = g - 10*i + 15*i + 4. What is the units digit of p(3)?
1
Let d be 7/((-7)/198) + (1 - 1). Let y = 286 + d. What is t